Determine w(58).
-6
Let h(z) = z**3 - 9*z**2 + 20*z - 84. Give h(10).
216
Let j(y) = y**3 - 18*y**2 + 23*y + 89. Calculate j(16).
-55
Let j(i) = -i**2 + 51*i + 537. Calculate j(61).
-73
Let i(w) = 2*w**2 + 4*w - 2. Calculate i(6).
94
Let k(g) = -4*g**2 - 613*g - 612. What is k(-1)?
-3
Let i(c) = 2*c**2 + 39*c + 83. Give i(-19).
64
Let d(q) = -q**3 + 62*q**2 + 126*q + 130. Determine d(64).
2
Let j(k) = 3*k**3 + 29*k**2 - 5*k + 32. Determine j(-10).
-18
Let k(t) = -t**3 - 18*t**2 + 17*t + 16. What is k(6)?
-746
Let m(g) = 2*g**3 + 80*g**2 - 89*g - 296. Give m(-41).
-9
Let f(d) = -d**3 + 127*d**2 - 1279*d + 317. Give f(116).
-31
Let y(c) = c**3 - 9*c**2 + 15*c + 30. Calculate y(5).
5
Let k(b) = -27*b**2 - 511*b + 88. Determine k(-19).
50
Let g(u) = 2*u**3 + 12*u**2 - 18*u - 59. Calculate g(-8).
-171
Let w(z) = -z**3 - 11*z**2 - 22*z + 24. Determine w(-6).
-24
Let t(j) = 3*j**3 - 72*j**2 - 2639*j - 41. Calculate t(44).
3
Let s(d) = -6*d**2 - 26*d - 46. Determine s(-6).
-106
Let o(j) = j**2 + 72*j - 3154. Calculate o(30).
-94
Let n(s) = -65*s**2 - 993*s - 231. Determine n(-15).
39
Let x(m) = 2*m**3 + 13*m**2 - m + 18. What is x(-7)?
-24
Let a(c) = -c**3 + 11*c**2 + 44*c - 53. Give a(13).
181
Let l(d) = -3*d**3 + 11*d**2 + 6*d + 70. Give l(5).
0
Let o(y) = 39*y**3 - 2*y**2 - 6*y - 3. Calculate o(-1).
-38
Let w(l) = 1487*l + 75832. Determine w(-51).
-5
Let w(k) = -13*k**2 - 22*k - 47. What is w(0)?
-47
Let w(s) = s**2 - 86*s - 966. Determine w(96).
-6
Let o(b) = 15*b**2 + 40*b + 9. Give o(-5).
184
Let i(c) = 188*c + 369. Determine i(-2).
-7
Let i(p) = -45*p**2 + 1567*p + 280. Give i(35).
0
Let q(d) = 25*d + 134. Determine q(-4).
34
Let o(h) = -77*h**2 + 71*h + 3. Determine o(1).
-3
Let h(g) = g**3 - 14*g**2 - 92*g - 92. Determine h(19).
-35
Let n(z) = 9*z**2 - 37*z + 190. Give n(6).
292
Let f(l) = -17*l**2 + 174*l + 11. Give f(10).
51
Let j(o) = -6*o**2 + 526*o - 1855. Calculate j(84).
-7
Let t(j) = -3*j**2 - 48*j + 9. Determine t(-17).
-42
Let n(r) = -401*r + 12029. Calculate n(30).
-1
Let d(b) = 8*b**2 + 89*b - 2. Determine d(-11).
-13
Let q(u) = 281*u - 67993. Give q(242).
9
Let m(l) = 134*l - 10. Calculate m(1).
124
Let x(k) = 3*k - 330. Determine x(0).
-330
Let h(i) = i**2 + 182*i - 23044. Determine h(86).
4
Let m(y) = -663*y + 55684. What is m(84)?
-8
Let b(l) = 4*l**2 + 133*l - 1715. Calculate b(10).
15
Let f(u) = -u**3 + 13*u**2 - 35*u - 60. Give f(6).
-18
Let g(r) = 6*r - 32. Give g(3).
-14
Let r(k) = -31*k + 3815. What is r(119)?
126
Let p(u) = u**2 - 69*u - 1789. Give p(-20).
-9
Let z(x) = 8*x**2 + 150*x + 108. What is z(-18)?
0
Let g(q) = -q**3 - 16*q**2 + 33*q - 13. Give g(-18).
41
Let k(y) = 14*y**2 - 397*y - 32. Determine k(28).
-172
Let b(v) = -4*v**3 + 12*v**2 - 31*v + 34. What is b(2)?
-12
Let q(h) = 2*h**3 - 11*h**2 - 8*h + 24. Give q(5).
-41
Let f(c) = -112*c + 5512. What is f(49)?
24
Let j(b) = 2*b**2 - 442*b + 2992. What is j(7)?
-4
Let x(r) = r**2 + 9*r - 68. Calculate x(-10).
-58
Let a(f) = -4*f**2 - 198*f + 400. Give a(-52).
-120
Let g(v) = -2*v**2 - 7*v + 167. Give g(-16).
-233
Let p(o) = o**2 - 26*o + 154. Determine p(13).
-15
Let j(s) = -39*s - 47. Determine j(6).
-281
Let i(v) = -161*v + 6274. Give i(39).
-5
Let n(z) = -17*z - 333. Calculate n(-15).
-78
Let p(r) = -2*r**3 + 58*r**2 - 55*r - 6. What is p(28)?
22
Let d(g) = 3732*g - 7454. Determine d(2).
10
Let y(n) = n**3 - 35*n**2 + 266*n - 77. Give y(24).
-29
Let p(a) = -a**2 - 23*a - 19. Give p(-9).
107
Let u(l) = -6*l**2 + 98*l - 19. Determine u(10).
361
Let b(q) = -9*q**2 + 747*q - 58. Calculate b(83).
-58
Let q(w) = 40*w**2 + 1163*w + 92. Give q(-29).
5
Let b(a) = 29*a**2 - 518*a - 90. What is b(18)?
-18
Let t(g) = 108*g - 1339. Calculate t(12).
-43
Let u(n) = -27*n**2 - 1080*n - 4. Determine u(-40).
-4
Let n(a) = -a**2 + 70*a + 536. Calculate n(77).
-3
Let v(q) = 8*q**2 - 32*q - 9. Calculate v(4).
-9
Let j(p) = -6*p - 325. Determine j(-62).
47
Let c(n) = -n**3 - 4*n**2 + 6*n + 20. Calculate c(-3).
-7
Let n(v) = v**3 + 115*v**2 + 207*v - 2150. What is n(-113)?
-3
Let d(z) = -4*z**2 - 1123*z + 1122. What is d(1)?
-5
Let m(t) = -2*t**3 + 91*t**2 + 45*t + 106. Determine m(46).
60
Let u(h) = 112*h - 22745. Calculate u(203).
-9
Let u(c) = 6*c**2 + 35*c - 15. Determine u(-7).
34
Let v(h) = -7*h**3 + 64*h**2 - 12*h + 12. Calculate v(9).
-15
Let u(m) = 2*m**2 - 241*m + 2725. Give u(108).
25
Let x(z) = z**3 + 9*z**2 - 31*z - 212. What is x(-4)?
-8
Let v(a) = -5*a**2 - 162*a + 54. What is v(-30)?
414
Let g(w) = -16*w - 405. Determine g(-25).
-5
Let w(o) = -o**2 + 124*o + 2391. Give w(-17).
-6
Let x(j) = -j**3 - 7*j**2 - 3*j - 1. Give x(0).
-1
Let d(m) = 8*m**2 - 159*m - 1273. Determine d(26).
1
Let z(v) = -17*v**2 - 37*v + 114. What is z(-4)?
-10
Let j(f) = 4*f**2 - f - 9. What is j(-7)?
194
Let q(c) = c**3 + 12*c**2 + 10*c - 145. What is q(-9)?
8
Let g(f) = 5*f**2 - 432*f - 1316. What is g(-3)?
25
Let o(h) = 2*h**3 - 3*h**2 + 459*h - 1410. Give o(3).
-6
Let p(s) = -3*s**2 - 121*s + 766. Calculate p(-46).
-16
Let q(m) = -m**3 - 113*m**2 - 7*m + 2. Calculate q(0).
2
Let s(m) = m**3 - 5*m**2 - 6*m - 10. What is s(8)?
134
Let l(w) = 23*w - 824. Determine l(32).
-88
Let u(m) = 3*m**2 - 61*m + 262. What is u(6)?
4
Let w(h) = -25*h**2 - 2064*h + 923. Give w(-83).
10
Let p(l) = l + 59. What is p(-15)?
44
Let r(g) = 6*g**3 + 22*g**2 - 44*g. What is r(2)?
48
Let c(x) = 214*x + 1400. Calculate c(-7).
-98
Let q(g) = -19*g**2 + 305*g - 7. Calculate q(16).
9
Let c(f) = 22*f**2 - 88*f + 25. Determine c(4).
25
Let i(h) = -17*h - 1304. Determine i(-76).
-12
Let t(j) = 15*j**2 - 15*j - 35. Calculate t(-6).
595
Let r(w) = -3*w - 390. Give r(-32).
-294
Let b(z) = z**3 - 70*z**2 + 3*z - 211. Calculate b(70).
-1
Let l(d) = -7*d - 69. Determine l(-22).
85
Let x(y) = -y**2 + 9*y + 58. What is x(-8)?
-78
Let u(j) = -27*j - 40. Determine u(-4).
68
Let p(s) = 2*s**2 - 85*s - 696. What is p(-7)?
-3
Let u(o) = -12*o**3 - 104*o**2 + 108*o - 2. Determine u(1).
-10
Let r(n) = -n**3 + 27*n**2 + 6*n - 158. Calculate r(27).
4
Let a(v) = 207*v + 528. Determine a(-3).
-93
Let z(f) = -81*f + 162. Give z(2).
0
Let k(h) = h**3 - 95*h**2 - 101*h + 485. Give k(96).
5
Let r(u) = 12604*u + 126041. Give r(-10).
1
Let x(t) = t**2 - 617*t + 93359. Give x(266).
-7
Let s(k) = 23*k + 1387. Calculate s(-60).
7
Let x(q) = -32*q - 125. Give x(-9).
163
Let m(v) = v**3 - 5*v**2 - 41*v + 49. Calculate m(9).
4
Let z(l) = -106*l - 36. What is z(-1)?
70
Let o(b) = b**3 + 48*b**2 + 40*b + 187. Give o(-47).
516
Let i(a) = -a**3 - 8*a**2 - 4*a + 46. Determine i(-6).
-2
Let a(y) = -2*y**3 + 31*y**2 - 38*y - 37. What is a(14)?
19
Let o(q) = -q**3 + 7*q**2 + 21*q - 138. Determine o(8).
-34
Let t(c) = 11522*c + 11514. Calculate t(-1).
-8
Let y(r) = -334*r + 62804. What is y(188)?
12
Let m(t) = -t**3 - 21*t**2 - 101*t - 161. Determine m(-15).
4
Let n(p) = 30*p**2 + 44*p - 9. Determine n(-2).
23
Let g(a) = -27*a**2 + 10*a + 15. Give g(-2).
-113
Let g(z) = -522*z - 6268. Calculate g(-12).
-4
Let z(y) = 4*y**3 - 124*y**2 + 947*y + 90. What is z(17)?
5
Let h(m) = m**2 - m + 4. Determine h(-11).
136
Let d(v) = v**3 - 46*v**2 + 37*v + 189. Determine d(45).
-171
Let w(h) = h**3 - 9*h**2 - 25*h + 272. Calculate w(8).
8
Let o(w) = 73*w**2 - 298*w + 17. Calculate o(4).
-7
Let z(c) = 124*c - 4463. What is z(36)?
1
Let p(y) = -589*y - 8789. What is p(-15)?
46
Let y(g) = -169*g**3 - 2*g**2 + 6*g - 4. Give y(1).
-169
Let m(b) = 10*b**2 - 688*b - 164. Determine m(69).
-26
Let m(t) = -t**3 - 12*t**2 + 21*t + 360. Give m(-11).
8
Let q(g) = -144*g**2 - 3179*g - 245. Calculate q(-22).
-3
Let v(s) = 14*s - 1385. Determine v(84).
-209
Let w(y) = -3*y + 28. Calculate w(-18).
82
Let v(l) = 6*l**3 + 222*l**2 + 423*l + 79. What is v(-35)?
-26
Let k(b) = -51*b + 1009. Determine k(20).
-11
Let g(j) = 2*j**2 - 120*j - 1397. Calculate g(-10).
3
Let i(y) = 126*y + 1628. Calculate i(-13).
-10
Let z(y) = -30*y - 1975. What is z(-55)?
-325
Let o(c) = 45*c**3 - 27*c**2 + 52*c - 8. What is o(2)?
348
Let o(c) = 3*c**3 - 57*c**2 + 206*c + 57. Determine o(14).
1
Let v(o) = o**3 + 68*o**2 + 930*o - 9. What is v(-19)?
10
Let y(c) = -c**3 - 4*c**2 - 21*c - 97. What is y(-4)?
-13
Let v(q) = q**3 - 22*q - 26. Determine v(6).
58
Let b(o) = -191*o - 49. What is b(4)?
-813
Let i(t)